lculate the remainder when l is divided by 11.
9
Suppose 4*p = 12 - 0. Let k be (-2)/(-1 - 1)*-4. Let r = k + 11. What is the remainder when r is divided by p?
1
Let m(f) = -5*f - 4. Let i = 25 + -15. What is the remainder when i is divided by m(-2)?
4
What is the remainder when 226 is divided by (-230)/(-4) - ((-11)/2)/(-11)?
55
Suppose 0 = g + 7 - 10. Let x = -12 - -21. Calculate the remainder when x is divided by g.
0
Let q(l) = 7*l**2 + 4*l + 3. Let d = 1 - -21. Let f = d - 10. Calculate the remainder when q(-2) is divided by f.
11
Suppose 0 = -0*v - 2*v, 64 = 4*g + 2*v. What is the remainder when ((-46)/(-4))/(2/8) is divided by g?
14
Suppose -36 = -3*l + 5*o - 2*o, -3*o = 4*l - 20. Let s(n) = -n**2 - 4*n. Let z be s(-3). Suppose 6*w = z*w + 69. What is the remainder when w is divided by l?
7
Suppose -2*r - 2*r + 16 = 0. Let v = -3 + 13. Suppose -5*t - g + 15 = 0, 0 = -t - 2*g + r - v. Calculate the remainder when 7 is divided by t.
3
What is the remainder when (0 - -1)/((-2)/(-16)) is divided by 8 - 4 - 1/(-2 + 1)?
3
Let a(u) = u**2 + 3*u - 2. Let t be a(-4). Suppose -2*r + 3 = -t*z - 91, -4 = 2*z. Calculate the remainder when r is divided by 12.
9
Let u(r) = 2*r**2 + 1 + 2*r - 3 + 3*r - r**2. Calculate the remainder when (-2)/5 + (-354)/(-10) is divided by u(-7).
11
What is the remainder when 46 is divided by (3/2 - 2)/((-2)/48)?
10
What is the remainder when 7 is divided by 1 + 1 - (-1 - -1)?
1
Calculate the remainder when 1 - ((147 - -1)/(-2) + -1) is divided by 26.
24
Let y = -3 + 6. Suppose 148 = y*a - a. Calculate the remainder when a is divided by 19.
17
Let n(j) = -j**3 + 7*j**2 - 6*j - 6. Let d = 20 - -9. Calculate the remainder when (d - (2 - 0)) + 0 is divided by n(5).
13
Let q = -2 + 4. Suppose 0 = -5*h + 168 + q. Suppose 10*j = 6*j + 48. Calculate the remainder when h is divided by j.
10
Let s = 140 - 75. Calculate the remainder when s is divided by 17.
14
Suppose 9*p = 15*p - 138. What is the remainder when 137 is divided by p?
22
Let j(u) = u**3 - 10*u**2 - u + 13. Let c be ((-220)/(-33))/((-4)/(-6)). What is the remainder when 8 is divided by j(c)?
2
Suppose 0 = 2*h - 0*h + 2*d - 58, 4*h - d - 111 = 0. What is the remainder when h is divided by 11 - (3/3)/1?
8
Let o = -4 - -7. Let x(c) = -c**3 + 5*c**2 + 2*c - 7. Let l be x(5). Let s = o + l. Calculate the remainder when 22 is divided by s.
4
Let v = 96 + -65. Let a = -14 + 25. What is the remainder when v is divided by a?
9
Let h(b) be the first derivative of 2*b**3/3 - 15*b**2/2 + 15*b + 2. Calculate the remainder when h(10) is divided by 22.
21
Suppose -6*b - 70 = -13*b. What is the remainder when 28 is divided by b?
8
Suppose 0 = o - 5*o + 8. Suppose l + 4 = -3*u, 5*u + o = u - 2*l. What is the remainder when 49 is divided by 1*u/6*-26?
10
Suppose 3*z + 2*d - 86 = -2*d, 5*d - 113 = -4*z. Let p = 7 - 6. Suppose -59 = -5*c + p. What is the remainder when z is divided by c?
10
Let o = 118 - 84. Let w = -20 + o. Suppose -2*a + 19 - 3 = 0. Calculate the remainder when w is divided by a.
6
Let j be (-6)/21 - (-2)/7. Let c be 2*(-5)/(-2)*1. Suppose j = -o - 0*o + c. What is the remainder when o is divided by 3?
2
Let h(r) = 2*r**2 - 3*r + 1. Let m be ((-6)/(-9))/(1/3). Let v be h(m). What is the remainder when 27 is divided by v*4 + 1 - -1?
13
Let p = -11 + 15. Let g be 72 - (-1)/((-3)/(-9)). Suppose g = p*o - o. What is the remainder when o is divided by 13?
12
Let f(m) = m**3 + 5*m**2 - 10*m - 2. Calculate the remainder when f(-6) is divided by 5.
2
Suppose -g = 5 - 3. Let w be (1 + g)*25/5. Calculate the remainder when w/((-15)/6) + 19 is divided by 8.
5
Suppose -q + 2 = -3*f - 2, q = 2*f + 4. Suppose q*u = -u + 175. Calculate the remainder when u is divided by ((-4)/(-2))/((-4)/(-18)).
8
Let x be 7/((-4)/4 - -2). Suppose -60 = -x*u + 4*u. Let w(f) = f**3 - 2*f**2 + 2*f - 4. What is the remainder when u is divided by w(3)?
9
Suppose 119*j - 118*j = 24. What is the remainder when j is divided by 9?
6
Let a(s) = -3*s + 3. What is the remainder when 62 is divided by a(-6)?
20
Calculate the remainder when 107 is divided by 8/14 - (-555)/21.
26
Let y(q) = 2*q**3 + q**2 - 2*q. Let i be y(-2). Let a = i - -11. Suppose 10 = -f + 5*w, a*w - 3 = 2*w. What is the remainder when f is divided by 2?
1
Let i = 11 - -2. Let s = 51 - 20. Suppose s = x - 6. What is the remainder when x is divided by i?
11
Let n = -27 - -38. Let j = 2 + 2. Calculate the remainder when n is divided by j.
3
Suppose -h + 3*h = 4. Let d = h - 4. Let f(w) = 2*w**2 - w - 2. Calculate the remainder when 14 is divided by f(d).
6
Let d = -90 + 64. Let a = 46 + d. What is the remainder when 45 is divided by 24/(-10)*a/(-3)?
13
Suppose 17 = -2*q + 5*t, -89 = 5*q + 3*t - 0*t. Let x = 29 + q. Suppose -6*v = -v - 120. Calculate the remainder when v is divided by x.
11
Let p be 3 - 2 - 31*1. Let i = -21 - p. What is the remainder when 17 is divided by i?
8
Suppose -3*z + 2*v + 11 = 0, v + 8 - 1 = 3*z. What is the remainder when 15/z + (-6)/3 is divided by 8?
5
Calculate the remainder when 10/(-25) + 142/5 is divided by 15.
13
Let j(t) = t + 11. Let p = 23 + 14. What is the remainder when p is divided by j(8)?
18
Suppose c = 4*c. Suppose 2*b + 0*b - 18 = c. What is the remainder when 34 is divided by b?
7
Let l(d) = 5*d**3 + 10*d**2 - 12*d + 23. Let p(x) = 3*x**3 + 7*x**2 - 8*x + 15. Let h(j) = 5*l(j) - 8*p(j). What is the remainder when h(6) is divided by 10?
9
Suppose -2*l + 4*l - 24 = 0. Suppose l - 36 = -4*r. Calculate the remainder when r is divided by 4.
2
Suppose -2*q + i + 0*i = -33, 0 = -4*q + i + 63. Calculate the remainder when 28 is divided by q.
13
Let u = 32 - 26. Calculate the remainder when 0 - 1 - (-11)/1 is divided by u.
4
Calculate the remainder when (78/(-30)*-2)/(1/20) is divided by 7.
6
Let a be 5 + (-2)/4*6. Suppose -b = -4*h - 208, a*b + 36 = -3*h - 120. Let z = 86 + h. Calculate the remainder when z is divided by 18.
16
Let d = 128 + -115. Calculate the remainder when d is divided by 4/6 + 20/6.
1
Let y(r) = r - 3. Let z = 2 - 1. Calculate the remainder when y(5) is divided by z.
0
Let y be (-2)/(-8) - 1077/(-12). Suppose 0 = -q - 3*p - 36, 4*q - p = p - 214. Let f = q + y. What is the remainder when f is divided by 14?
11
Suppose 0 = 5*s - 57 + 12. Suppose 2*a + a - s = 0. Suppose 3 + 17 = 4*j. What is the remainder when j is divided by a?
2
Let l(d) = -2*d + 2. Let r(u) = 2*u + 93. Calculate the remainder when r(-20) is divided by l(-6).
11
Let y = 87 + -42. Let l be (-4)/(-12)*(8 + -2). Suppose l*m - 32 = -8. What is the remainder when y is divided by m?
9
Suppose 4*l + 10 = -10. Let p = -3 - l. Suppose f + p*i - 13 = -2*i, 55 = 3*f + 4*i. What is the remainder when 40 is divided by f?
19
Suppose -5*o + 2*i = -84, -26 = o - 2*o + 5*i. What is the remainder when 54 is divided by o?
6
Suppose 0*s - 10 = -2*s + y, -5*s - y + 11 = 0. Suppose -s*h + 25 = 7. What is the remainder when 20 + (-1 - 1) + -1 is divided by h?
5
Suppose 5*l = 3*f - 5*f + 20, 0 = 3*l. Calculate the remainder when 88 is divided by f.
8
Let c(n) = -n - 8. Suppose b - 2*b = 3*a + 2, -12 = -5*b - 4*a. Suppose -3 = -b*f + 29. Calculate the remainder when f is divided by c(-13).
3
Let y(x) be the second derivative of -x**4/12 - 2*x**3 - 7*x**2/2 - 2*x. Let o be y(-8). Let u = 50 - o. What is the remainder when u is divided by 9?
7
Let l be (-6 - -5)/(1/(-2)). Suppose -9 = -3*y, l*f - 6 = 3*y - y. Calculate the remainder when f is divided by 3.
0
Suppose -2*u - 6 + 0 = -4*w, w + u + 3 = 0. Suppose w = -2*c + 4, -2*t - c + 36 = 2*c. Calculate the remainder when t is divided by 6.
3
Let j = -36 - -116. What is the remainder when j is divided by 29?
22
Suppose 5*j + 1 + 0 = -2*u, 6 = -2*j. What is the remainder when u is divided by 4?
3
Suppose 0 = -3*i + 54 + 6. Calculate the remainder when (56 + 0 + 2)*1 is divided by i.
18
Let s(y) = y**3 - 4*y**2 + 4*y + 4. Let f(x) = -x**3 + x**2 - x. Let v(p) = 2*f(p) + s(p). What is the remainder when v(-4) is divided by 15?
13
Let m = 20 + -15. Suppose 0 = m*i + 90 - 700. What is the remainder when i is divided by 31?
29
Let r(n) = -2*n**3 - 4*n**2 - 3*n - 2. Suppose 3*h - 13 - 9 = -5*w, h + 2 = 3*w. What is the remainder when r(-2) is divided by w/(-10) + 22/10?
0
Let j(y) = -y**2 + 3*y. 